{"id":150,"date":"2019-03-06T15:54:55","date_gmt":"2019-03-06T15:54:55","guid":{"rendered":"http:\/\/tudosobremuaythai.com\/blog\/?page_id=150"},"modified":"2019-08-26T14:22:21","modified_gmt":"2019-08-26T14:22:21","slug":"frases-de-muay-thai","status":"publish","type":"page","link":"https:\/\/tudosobremuaythai.com\/blog\/frases-de-muay-thai\/","title":{"rendered":"Frases de Muay Thai"},"content":{"rendered":"\n<p>N\u00f3s, como nak muays, entendemos perfeitamente que voc\u00ea queira exibir seu amor por esta arte marcial por a\u00ed. Por isso separamos algumas frases de Muay Thai para status, que voc\u00ea pode utilizar nas suas redes sociais e WhatsApp, por exemplo.&nbsp;<\/p>\n\n\n\n<p>Logo abaixo voc\u00ea encontra diversas frases de Muay Thai (para status ou onde voc\u00ea quiser postar), algumas que publicamos na nossa p\u00e1gina do Facebook com imagem e outras que s\u00e3o s\u00f3 frases. Fique a vontade para compartilhar!&nbsp;<\/p>\n\n\n\n<p><a rel=\"noreferrer noopener\" aria-label=\"J\u00e1 faz parte da nossa p\u00e1gina? Acesse e curta! (abre numa nova aba)\" href=\"https:\/\/www.facebook.com\/tudosobremuaythai\/\" target=\"_blank\"><strong>J\u00e1 faz parte da nossa p\u00e1gina? Acesse e curta!<\/strong><\/a><\/p>\n\n\n\n<h2 class=\"wp-block-heading\">Frases de Muay Thai apenas texto:&nbsp;<\/h2>\n\n\n\n<p>N\u00e3o existe derrota no Muay Thai: ou voc\u00ea vence, ou voc\u00ea aprende&#8230;&nbsp;<\/p>\n\n\n\n<p>Quando voc\u00ea vencer, n\u00e3o fale nada. Quando voc\u00ea perder, fale menos ainda.<\/p>\n\n\n\n<p>Quanto mais voc\u00ea suar no treino, menos ir\u00e1 sangrar na batalha.&nbsp;<\/p>\n\n\n\n<p>Se for pra desistir, desista de ser fraco!<\/p>\n\n\n\n<p>A ilus\u00e3o da presa \u00e9 achar que \u00e9 o predador<\/p>\n\n\n\n<p>Lembre-se: voc\u00ea \u00e9 seu pr\u00f3prio general.<\/p>\n\n\n\n<p>Ent\u00e3o, tome agora a iniciativa, planeje e marche decidido para a vit\u00f3ria.<\/p>\n\n\n\n<p>S\u00f3 existe sucesso e aprendizado. O fracasso \u00e9 a desist\u00eancia.<\/p>\n\n\n\n<p>\u00c9 melhor ficar e lutar. Se fugir, somente morrer\u00e1s cansado<\/p>\n\n\n\n<p>A vit\u00f3ria de hoje \u00e9 sobre o seu eu de ontem.<\/p>\n\n\n\n<p>S\u00f3 um lutador sabe o que \u00e9 lutar consigo mesmo.<\/p>\n\n\n\n<p>Se voc\u00ea n\u00e3o gosta de recome\u00e7ar, pare de desistir!<\/p>\n\n\n\n<p>N\u00e3o tenha pressa, mas n\u00e3o perca tempo!<\/p>\n\n\n\n<p>Um golpe pode doer? Pode. Mas a supera\u00e7\u00e3o faz tudo valer a pena.&nbsp;<\/p>\n\n\n\n<p>N\u00e3o importa que n\u00edvel voc\u00ea est\u00e1, desde que n\u00e3o pare.<\/p>\n\n\n\n<p>Se quer algo, fa\u00e7a acontecer. A \u00fanica coisa que cai do c\u00e9u \u00e9 chuva.<\/p>\n\n\n\n<p>O \u00fanico treino ruim \u00e9 aquele que n\u00e3o aconteceu.&nbsp;<\/p>\n\n\n\n<p>Trabalhe&nbsp;duro e em&nbsp;sil\u00eancio. Deixe que seu sucesso fa\u00e7a o barulho.<\/p>\n\n\n\n<p>Se voc\u00ea n\u00e3o lutar por alguma coisa, ser\u00e1 derrotado por qualquer coisa!<\/p>\n\n\n\n<p>Voc\u00ea erra 100% dos chutes que voc\u00ea n\u00e3o d\u00e1.<\/p>\n\n\n\n<p>Se a vida n\u00e3o ficar mais f\u00e1cil, trate de ficar mais forte<\/p>\n\n\n\n<p>S\u00f3 existe sucesso ou aprendizado.<\/p>\n\n\n\n<p>O fracasso \u00e9 a desist\u00eancia.<\/p>\n\n\n\n<p>Se for para desistir, desista de ser fraco!<\/p>\n\n\n\n<p>Sonhos determinam o que voc\u00ea quer. A\u00e7\u00e3o determina o que voc\u00ea conquista.<\/p>\n\n\n\n<p>A dor \u00e9 apenas sua mente querendo desistir antes do seu corpo<\/p>\n\n\n\n<p>Somos feitos de carne e osso, mas temos que viver como se f\u00f4ssemos de ferro.<\/p>\n\n\n\n<p>Vencer a si pr\u00f3prio \u00e9 a maior das vit\u00f3rias. (Plat\u00e3o)<\/p>\n\n\n\n<p>A repeti\u00e7\u00e3o \u00e9 a m\u00e3e do aprendizado<\/p>\n\n\n\n<h2 class=\"wp-block-heading\">Frases em imagens:<\/h2>\n\n\n\n<figure class=\"wp-block-image\"><img loading=\"lazy\" decoding=\"async\" width=\"1024\" height=\"512\" src=\"http:\/\/tudosobremuaythai.com\/blog\/wp-content\/uploads\/2019\/03\/frases-de-muay-thai-dor-passageira-orgulho-eterno-1024x512.png\" alt=\"Frases do Muay Thai: A Dor \u00c9 Passageira. O Orgulho \u00e9 Eterno.\" class=\"wp-image-151\" srcset=\"https:\/\/tudosobremuaythai.com\/blog\/wp-content\/uploads\/2019\/03\/frases-de-muay-thai-dor-passageira-orgulho-eterno.png 1024w, https:\/\/tudosobremuaythai.com\/blog\/wp-content\/uploads\/2019\/03\/frases-de-muay-thai-dor-passageira-orgulho-eterno-300x150.png 300w, https:\/\/tudosobremuaythai.com\/blog\/wp-content\/uploads\/2019\/03\/frases-de-muay-thai-dor-passageira-orgulho-eterno-768x384.png 768w\" sizes=\"auto, (max-width: 1024px) 100vw, 1024px\" \/><\/figure>\n\n\n\n<figure class=\"wp-block-image\"><img loading=\"lazy\" decoding=\"async\" width=\"1024\" height=\"512\" src=\"http:\/\/tudosobremuaythai.com\/blog\/wp-content\/uploads\/2019\/03\/frases-de-muay-thai-hoje-voce-vai-fazer-o-que-outros-nao-farao-1024x512.png\" alt=\"Frases de Muay Thai: Hoje voc\u00ea vai fazer o que os outros n\u00e3o far\u00e3o\" class=\"wp-image-153\" srcset=\"https:\/\/tudosobremuaythai.com\/blog\/wp-content\/uploads\/2019\/03\/frases-de-muay-thai-hoje-voce-vai-fazer-o-que-outros-nao-farao.png 1024w, https:\/\/tudosobremuaythai.com\/blog\/wp-content\/uploads\/2019\/03\/frases-de-muay-thai-hoje-voce-vai-fazer-o-que-outros-nao-farao-300x150.png 300w, https:\/\/tudosobremuaythai.com\/blog\/wp-content\/uploads\/2019\/03\/frases-de-muay-thai-hoje-voce-vai-fazer-o-que-outros-nao-farao-768x384.png 768w\" sizes=\"auto, (max-width: 1024px) 100vw, 1024px\" \/><\/figure>\n\n\n\n<figure class=\"wp-block-image\"><img loading=\"lazy\" decoding=\"async\" width=\"1024\" height=\"512\" src=\"http:\/\/tudosobremuaythai.com\/blog\/wp-content\/uploads\/2019\/03\/frases-de-muay-thai-invente-desculpa-treine-pesado-1024x512.png\" alt=\"Frases de  muay thai: invente uma desculpa ou treine pesado, a escolha \u00e9 sua\" class=\"wp-image-154\" srcset=\"https:\/\/tudosobremuaythai.com\/blog\/wp-content\/uploads\/2019\/03\/frases-de-muay-thai-invente-desculpa-treine-pesado.png 1024w, https:\/\/tudosobremuaythai.com\/blog\/wp-content\/uploads\/2019\/03\/frases-de-muay-thai-invente-desculpa-treine-pesado-300x150.png 300w, https:\/\/tudosobremuaythai.com\/blog\/wp-content\/uploads\/2019\/03\/frases-de-muay-thai-invente-desculpa-treine-pesado-768x384.png 768w\" sizes=\"auto, (max-width: 1024px) 100vw, 1024px\" \/><\/figure>\n\n\n\n<figure class=\"wp-block-image\"><img loading=\"lazy\" decoding=\"async\" width=\"525\" height=\"623\" src=\"http:\/\/tudosobremuaythai.com\/blog\/wp-content\/uploads\/2019\/03\/frases-de-muay-thai-keep-calm-hoje-tem-treino.jpg\" alt=\"Frases de muay thai: Keep Calm hoje tem treino!\" class=\"wp-image-155\" srcset=\"https:\/\/tudosobremuaythai.com\/blog\/wp-content\/uploads\/2019\/03\/frases-de-muay-thai-keep-calm-hoje-tem-treino.jpg 525w, https:\/\/tudosobremuaythai.com\/blog\/wp-content\/uploads\/2019\/03\/frases-de-muay-thai-keep-calm-hoje-tem-treino-253x300.jpg 253w\" sizes=\"auto, (max-width: 525px) 100vw, 525px\" \/><\/figure>\n\n\n\n<figure class=\"wp-block-image\"><img loading=\"lazy\" decoding=\"async\" width=\"1024\" height=\"1024\" src=\"http:\/\/tudosobremuaythai.com\/blog\/wp-content\/uploads\/2019\/03\/frases-de-muay-thai-nao-existe-derrota.png\" alt=\"Frases de muay thai: n\u00e3o existe derrota no muay thai, ou voc\u00ea vence ou aprende\" class=\"wp-image-156\" srcset=\"https:\/\/tudosobremuaythai.com\/blog\/wp-content\/uploads\/2019\/03\/frases-de-muay-thai-nao-existe-derrota.png 1024w, https:\/\/tudosobremuaythai.com\/blog\/wp-content\/uploads\/2019\/03\/frases-de-muay-thai-nao-existe-derrota-150x150.png 150w, https:\/\/tudosobremuaythai.com\/blog\/wp-content\/uploads\/2019\/03\/frases-de-muay-thai-nao-existe-derrota-300x300.png 300w, https:\/\/tudosobremuaythai.com\/blog\/wp-content\/uploads\/2019\/03\/frases-de-muay-thai-nao-existe-derrota-768x768.png 768w\" sizes=\"auto, (max-width: 1024px) 100vw, 1024px\" \/><\/figure>\n\n\n\n<figure class=\"wp-block-image\"><img loading=\"lazy\" decoding=\"async\" width=\"1024\" height=\"512\" src=\"http:\/\/tudosobremuaythai.com\/blog\/wp-content\/uploads\/2019\/03\/frases-de-muay-thai-quanto-mais-suar-menos-sangrar-1024x512.png\" alt=\"Frases de muay thai: quanto mais voc\u00ea suar no treino, menos ir\u00e1 sangrar na batalha\" class=\"wp-image-158\" srcset=\"https:\/\/tudosobremuaythai.com\/blog\/wp-content\/uploads\/2019\/03\/frases-de-muay-thai-quanto-mais-suar-menos-sangrar.png 1024w, https:\/\/tudosobremuaythai.com\/blog\/wp-content\/uploads\/2019\/03\/frases-de-muay-thai-quanto-mais-suar-menos-sangrar-300x150.png 300w, https:\/\/tudosobremuaythai.com\/blog\/wp-content\/uploads\/2019\/03\/frases-de-muay-thai-quanto-mais-suar-menos-sangrar-768x384.png 768w\" sizes=\"auto, (max-width: 1024px) 100vw, 1024px\" \/><\/figure>\n\n\n\n<figure class=\"wp-block-image\"><img loading=\"lazy\" decoding=\"async\" width=\"1024\" height=\"1024\" src=\"http:\/\/tudosobremuaythai.com\/blog\/wp-content\/uploads\/2019\/03\/frases-de-muay-thai-se-for-pra-desistir.png\" alt=\"Frases de muay thai: se for pra desistir, desista de ser fraco.\" class=\"wp-image-159\" srcset=\"https:\/\/tudosobremuaythai.com\/blog\/wp-content\/uploads\/2019\/03\/frases-de-muay-thai-se-for-pra-desistir.png 1024w, https:\/\/tudosobremuaythai.com\/blog\/wp-content\/uploads\/2019\/03\/frases-de-muay-thai-se-for-pra-desistir-150x150.png 150w, https:\/\/tudosobremuaythai.com\/blog\/wp-content\/uploads\/2019\/03\/frases-de-muay-thai-se-for-pra-desistir-300x300.png 300w, https:\/\/tudosobremuaythai.com\/blog\/wp-content\/uploads\/2019\/03\/frases-de-muay-thai-se-for-pra-desistir-768x768.png 768w\" sizes=\"auto, (max-width: 1024px) 100vw, 1024px\" \/><\/figure>\n\n\n\n<figure class=\"wp-block-image\"><img loading=\"lazy\" decoding=\"async\" width=\"1024\" height=\"1024\" src=\"http:\/\/tudosobremuaythai.com\/blog\/wp-content\/uploads\/2019\/03\/frases-de-muay-thai-so-existe-sucesso-aprendizado.png\" alt=\"Frases de muay thai: s\u00f3 existe sucesso ou aprendizado - Fracasso \u00e9 a desist\u00eancia\" class=\"wp-image-160\" srcset=\"https:\/\/tudosobremuaythai.com\/blog\/wp-content\/uploads\/2019\/03\/frases-de-muay-thai-so-existe-sucesso-aprendizado.png 1024w, https:\/\/tudosobremuaythai.com\/blog\/wp-content\/uploads\/2019\/03\/frases-de-muay-thai-so-existe-sucesso-aprendizado-150x150.png 150w, https:\/\/tudosobremuaythai.com\/blog\/wp-content\/uploads\/2019\/03\/frases-de-muay-thai-so-existe-sucesso-aprendizado-300x300.png 300w, https:\/\/tudosobremuaythai.com\/blog\/wp-content\/uploads\/2019\/03\/frases-de-muay-thai-so-existe-sucesso-aprendizado-768x768.png 768w\" sizes=\"auto, (max-width: 1024px) 100vw, 1024px\" \/><\/figure>\n\n\n\n<figure class=\"wp-block-image\"><img loading=\"lazy\" decoding=\"async\" width=\"1024\" height=\"1024\" src=\"http:\/\/tudosobremuaythai.com\/blog\/wp-content\/uploads\/2019\/03\/frases-de-muay-thai-so-lutador-sabe-lutar-consigo-mesmo.png\" alt=\"Frases de muay thai:  s\u00f3 lutador sabe o que \u00e9 lutar consigo mesmo\" class=\"wp-image-161\" srcset=\"https:\/\/tudosobremuaythai.com\/blog\/wp-content\/uploads\/2019\/03\/frases-de-muay-thai-so-lutador-sabe-lutar-consigo-mesmo.png 1024w, https:\/\/tudosobremuaythai.com\/blog\/wp-content\/uploads\/2019\/03\/frases-de-muay-thai-so-lutador-sabe-lutar-consigo-mesmo-150x150.png 150w, https:\/\/tudosobremuaythai.com\/blog\/wp-content\/uploads\/2019\/03\/frases-de-muay-thai-so-lutador-sabe-lutar-consigo-mesmo-300x300.png 300w, https:\/\/tudosobremuaythai.com\/blog\/wp-content\/uploads\/2019\/03\/frases-de-muay-thai-so-lutador-sabe-lutar-consigo-mesmo-768x768.png 768w\" sizes=\"auto, (max-width: 1024px) 100vw, 1024px\" \/><\/figure>\n\n\n\n<figure class=\"wp-block-image\"><img loading=\"lazy\" decoding=\"async\" width=\"1024\" height=\"512\" src=\"http:\/\/tudosobremuaythai.com\/blog\/wp-content\/uploads\/2019\/03\/frases-de-muay-thai-treine-ate-limite-1024x512.png\" alt=\"Frases de muay thai: treine at\u00e9 chegar no seu limite\" class=\"wp-image-162\" srcset=\"https:\/\/tudosobremuaythai.com\/blog\/wp-content\/uploads\/2019\/03\/frases-de-muay-thai-treine-ate-limite.png 1024w, https:\/\/tudosobremuaythai.com\/blog\/wp-content\/uploads\/2019\/03\/frases-de-muay-thai-treine-ate-limite-300x150.png 300w, https:\/\/tudosobremuaythai.com\/blog\/wp-content\/uploads\/2019\/03\/frases-de-muay-thai-treine-ate-limite-768x384.png 768w\" sizes=\"auto, (max-width: 1024px) 100vw, 1024px\" \/><\/figure>\n\n\n\n<figure class=\"wp-block-image\"><img loading=\"lazy\" decoding=\"async\" width=\"1024\" height=\"512\" src=\"http:\/\/tudosobremuaythai.com\/blog\/wp-content\/uploads\/2019\/03\/frases-de-muay-thai-um-golpe-pode-doer-superacao-1024x512.png\" alt=\"Frases de muay thai: um golpe pode doer? Pode... mas a supera\u00e7\u00e3o faz tudo valer a pena...\" class=\"wp-image-163\" srcset=\"https:\/\/tudosobremuaythai.com\/blog\/wp-content\/uploads\/2019\/03\/frases-de-muay-thai-um-golpe-pode-doer-superacao.png 1024w, https:\/\/tudosobremuaythai.com\/blog\/wp-content\/uploads\/2019\/03\/frases-de-muay-thai-um-golpe-pode-doer-superacao-300x150.png 300w, https:\/\/tudosobremuaythai.com\/blog\/wp-content\/uploads\/2019\/03\/frases-de-muay-thai-um-golpe-pode-doer-superacao-768x384.png 768w\" sizes=\"auto, (max-width: 1024px) 100vw, 1024px\" \/><\/figure>\n\n\n\n<figure class=\"wp-block-image\"><img loading=\"lazy\" decoding=\"async\" width=\"1024\" height=\"512\" src=\"http:\/\/tudosobremuaythai.com\/blog\/wp-content\/uploads\/2019\/03\/frases-de-muay-thai-unico-treino-ruim-1024x512.png\" alt=\"Frases de muay thai: o \u00fanico treino ruim \u00e9 aquele que n\u00e3o aconteceu\" class=\"wp-image-164\" srcset=\"https:\/\/tudosobremuaythai.com\/blog\/wp-content\/uploads\/2019\/03\/frases-de-muay-thai-unico-treino-ruim.png 1024w, https:\/\/tudosobremuaythai.com\/blog\/wp-content\/uploads\/2019\/03\/frases-de-muay-thai-unico-treino-ruim-300x150.png 300w, https:\/\/tudosobremuaythai.com\/blog\/wp-content\/uploads\/2019\/03\/frases-de-muay-thai-unico-treino-ruim-768x384.png 768w\" sizes=\"auto, (max-width: 1024px) 100vw, 1024px\" \/><\/figure>\n\n\n\n<p>E a\u00ed, qual outra frase de Muay Thai para status voc\u00ea usa ou conhece? Comente!<\/p>\n\n\n\n<p>Aten\u00e7\u00e3o: n\u00e3o somos os autores de nenhuma destas frases de Muay Thai. As maioria das frases tem autoria desconhecida. Se voc\u00ea souber quem \u00e9 o autor de alguma (ou voc\u00ea mesmo for o autor), deixe um coment\u00e1rio que adicionaremos a informa\u00e7\u00e3o de autoria!<\/p>\n\n\n\n<p>Procurando outros conte\u00fados al\u00e9m de frases de Muay Thai? <\/p>\n\n\n\n<p>Aqui est\u00e3o artigos populares do blog que voc\u00ea pode se interessar:<\/p>\n\n\n\n<ul class=\"wp-block-list\"><li><a href=\"http:\/\/tudosobremuaythai.com\/blog\/dicas-iniciantes-muay-thai\/\">5 Dicas Para Iniciantes do Muay Thai<\/a><\/li><\/ul>\n\n\n\n<ul class=\"wp-block-list\"><li><a href=\"http:\/\/tudosobremuaythai.com\/blog\/numeros-em-tailandes-contagem-muay-thai\/\">Os n\u00fameros em tailand\u00eas: a contagem do muay thai<\/a><\/li><\/ul>\n\n\n\n<ul class=\"wp-block-list\"><li><a href=\"http:\/\/tudosobremuaythai.com\/blog\/muay-thai-feminino\/\">Muay Thai feminino<\/a><\/li><\/ul>\n\n\n\n<ul class=\"wp-block-list\"><li><a href=\"http:\/\/tudosobremuaythai.com\/blog\/pra-que-serve-e-como-colocar-a-bandagem-no-muay-thai\/\">Pra que serve e como colocar a bandagem no muay thai<\/a><\/li><\/ul>\n\n\n\n<p>Quer saber ainda mais sobre o Muay Thai e se aprofundar nesta arte? <a href=\"http:\/\/apostilamuaythai.com\/apostila\/\"><strong>Conhe\u00e7a a Apostila Muay Thai 3.0<\/strong><\/a>.<\/p>\n","protected":false},"excerpt":{"rendered":"<div class=\"mh-excerpt\"><p>N\u00f3s, como nak muays, entendemos perfeitamente que voc\u00ea queira exibir seu amor por esta arte marcial por a\u00ed. Por isso separamos algumas frases de Muay <a class=\"mh-excerpt-more\" href=\"https:\/\/tudosobremuaythai.com\/blog\/frases-de-muay-thai\/\" title=\"Frases de Muay Thai\">[&#8230;]<\/a><\/p>\n<\/div>","protected":false},"author":1,"featured_media":165,"parent":0,"menu_order":0,"comment_status":"closed","ping_status":"closed","template":"","meta":{"footnotes":""},"class_list":["post-150","page","type-page","status-publish","has-post-thumbnail","hentry"],"yoast_head":"<!-- This site is optimized with the Yoast SEO plugin v27.2 - https:\/\/yoast.com\/product\/yoast-seo-wordpress\/ -->\n<title>Frases de Muay Thai - Tudo Sobre Muay Thai - Seu blog de Muay Thai<\/title>\n<meta name=\"description\" content=\"Aqui voc\u00ea encontra diversas frases sobre Muay Thai que refletem esta arte marcial. Confira e compartilhe sempre que desejar.\" \/>\n<meta name=\"robots\" content=\"index, follow, max-snippet:-1, max-image-preview:large, max-video-preview:-1\" \/>\n<link rel=\"canonical\" href=\"https:\/\/tudosobremuaythai.com\/blog\/frases-de-muay-thai\/\" \/>\n<meta property=\"og:locale\" content=\"pt_BR\" \/>\n<meta property=\"og:type\" content=\"article\" \/>\n<meta property=\"og:title\" content=\"Frases de Muay Thai - Tudo Sobre Muay Thai - Seu blog de Muay Thai\" \/>\n<meta property=\"og:description\" content=\"Aqui voc\u00ea encontra diversas frases sobre Muay Thai que refletem esta arte marcial. Confira e compartilhe sempre que desejar.\" \/>\n<meta property=\"og:url\" content=\"https:\/\/tudosobremuaythai.com\/blog\/frases-de-muay-thai\/\" \/>\n<meta property=\"og:site_name\" content=\"Tudo Sobre Muay Thai - Seu blog de Muay Thai\" \/>\n<meta property=\"article:modified_time\" content=\"2019-08-26T14:22:21+00:00\" \/>\n<meta property=\"og:image\" content=\"https:\/\/tudosobremuaythai.com\/blog\/wp-content\/uploads\/2019\/03\/frases-de-muay-thai.jpg\" \/>\n\t<meta property=\"og:image:width\" content=\"960\" \/>\n\t<meta property=\"og:image:height\" content=\"637\" \/>\n\t<meta property=\"og:image:type\" content=\"image\/jpeg\" \/>\n<meta name=\"twitter:card\" content=\"summary_large_image\" \/>\n<meta name=\"twitter:label1\" content=\"Est. tempo de leitura\" \/>\n\t<meta name=\"twitter:data1\" content=\"3 minutos\" \/>\n<script type=\"application\/ld+json\" class=\"yoast-schema-graph\">{\"@context\":\"https:\/\/schema.org\",\"@graph\":[{\"@type\":\"WebPage\",\"@id\":\"https:\/\/tudosobremuaythai.com\/blog\/frases-de-muay-thai\/\",\"url\":\"https:\/\/tudosobremuaythai.com\/blog\/frases-de-muay-thai\/\",\"name\":\"Frases de Muay Thai - Tudo Sobre Muay Thai - Seu blog de Muay Thai\",\"isPartOf\":{\"@id\":\"https:\/\/tudosobremuaythai.com\/blog\/#website\"},\"primaryImageOfPage\":{\"@id\":\"https:\/\/tudosobremuaythai.com\/blog\/frases-de-muay-thai\/#primaryimage\"},\"image\":{\"@id\":\"https:\/\/tudosobremuaythai.com\/blog\/frases-de-muay-thai\/#primaryimage\"},\"thumbnailUrl\":\"https:\/\/tudosobremuaythai.com\/blog\/wp-content\/uploads\/2019\/03\/frases-de-muay-thai.jpg\",\"datePublished\":\"2019-03-06T15:54:55+00:00\",\"dateModified\":\"2019-08-26T14:22:21+00:00\",\"description\":\"Aqui voc\u00ea encontra diversas frases sobre Muay Thai que refletem esta arte marcial. Confira e compartilhe sempre que desejar.\",\"breadcrumb\":{\"@id\":\"https:\/\/tudosobremuaythai.com\/blog\/frases-de-muay-thai\/#breadcrumb\"},\"inLanguage\":\"pt-BR\",\"potentialAction\":[{\"@type\":\"ReadAction\",\"target\":[\"https:\/\/tudosobremuaythai.com\/blog\/frases-de-muay-thai\/\"]}]},{\"@type\":\"ImageObject\",\"inLanguage\":\"pt-BR\",\"@id\":\"https:\/\/tudosobremuaythai.com\/blog\/frases-de-muay-thai\/#primaryimage\",\"url\":\"https:\/\/tudosobremuaythai.com\/blog\/wp-content\/uploads\/2019\/03\/frases-de-muay-thai.jpg\",\"contentUrl\":\"https:\/\/tudosobremuaythai.com\/blog\/wp-content\/uploads\/2019\/03\/frases-de-muay-thai.jpg\",\"width\":960,\"height\":637,\"caption\":\"Frases de Muay Thai\"},{\"@type\":\"BreadcrumbList\",\"@id\":\"https:\/\/tudosobremuaythai.com\/blog\/frases-de-muay-thai\/#breadcrumb\",\"itemListElement\":[{\"@type\":\"ListItem\",\"position\":1,\"name\":\"In\u00edcio\",\"item\":\"https:\/\/tudosobremuaythai.com\/blog\/\"},{\"@type\":\"ListItem\",\"position\":2,\"name\":\"Frases de Muay Thai\"}]},{\"@type\":\"WebSite\",\"@id\":\"https:\/\/tudosobremuaythai.com\/blog\/#website\",\"url\":\"https:\/\/tudosobremuaythai.com\/blog\/\",\"name\":\"Tudo Sobre Muay Thai - Seu blog de Muay Thai\",\"description\":\"Dicas, t\u00e9cnicas, tradi\u00e7\u00f5es, curiosidades de muay thai e muito mais!\",\"potentialAction\":[{\"@type\":\"SearchAction\",\"target\":{\"@type\":\"EntryPoint\",\"urlTemplate\":\"https:\/\/tudosobremuaythai.com\/blog\/?s={search_term_string}\"},\"query-input\":{\"@type\":\"PropertyValueSpecification\",\"valueRequired\":true,\"valueName\":\"search_term_string\"}}],\"inLanguage\":\"pt-BR\"}]}<\/script>\n<!-- \/ Yoast SEO plugin. -->","yoast_head_json":{"title":"Frases de Muay Thai - Tudo Sobre Muay Thai - Seu blog de Muay Thai","description":"Aqui voc\u00ea encontra diversas frases sobre Muay Thai que refletem esta arte marcial. Confira e compartilhe sempre que desejar.","robots":{"index":"index","follow":"follow","max-snippet":"max-snippet:-1","max-image-preview":"max-image-preview:large","max-video-preview":"max-video-preview:-1"},"canonical":"https:\/\/tudosobremuaythai.com\/blog\/frases-de-muay-thai\/","og_locale":"pt_BR","og_type":"article","og_title":"Frases de Muay Thai - Tudo Sobre Muay Thai - Seu blog de Muay Thai","og_description":"Aqui voc\u00ea encontra diversas frases sobre Muay Thai que refletem esta arte marcial. Confira e compartilhe sempre que desejar.","og_url":"https:\/\/tudosobremuaythai.com\/blog\/frases-de-muay-thai\/","og_site_name":"Tudo Sobre Muay Thai - Seu blog de Muay Thai","article_modified_time":"2019-08-26T14:22:21+00:00","og_image":[{"width":960,"height":637,"url":"https:\/\/tudosobremuaythai.com\/blog\/wp-content\/uploads\/2019\/03\/frases-de-muay-thai.jpg","type":"image\/jpeg"}],"twitter_card":"summary_large_image","twitter_misc":{"Est. tempo de leitura":"3 minutos"},"schema":{"@context":"https:\/\/schema.org","@graph":[{"@type":"WebPage","@id":"https:\/\/tudosobremuaythai.com\/blog\/frases-de-muay-thai\/","url":"https:\/\/tudosobremuaythai.com\/blog\/frases-de-muay-thai\/","name":"Frases de Muay Thai - Tudo Sobre Muay Thai - Seu blog de Muay Thai","isPartOf":{"@id":"https:\/\/tudosobremuaythai.com\/blog\/#website"},"primaryImageOfPage":{"@id":"https:\/\/tudosobremuaythai.com\/blog\/frases-de-muay-thai\/#primaryimage"},"image":{"@id":"https:\/\/tudosobremuaythai.com\/blog\/frases-de-muay-thai\/#primaryimage"},"thumbnailUrl":"https:\/\/tudosobremuaythai.com\/blog\/wp-content\/uploads\/2019\/03\/frases-de-muay-thai.jpg","datePublished":"2019-03-06T15:54:55+00:00","dateModified":"2019-08-26T14:22:21+00:00","description":"Aqui voc\u00ea encontra diversas frases sobre Muay Thai que refletem esta arte marcial. Confira e compartilhe sempre que desejar.","breadcrumb":{"@id":"https:\/\/tudosobremuaythai.com\/blog\/frases-de-muay-thai\/#breadcrumb"},"inLanguage":"pt-BR","potentialAction":[{"@type":"ReadAction","target":["https:\/\/tudosobremuaythai.com\/blog\/frases-de-muay-thai\/"]}]},{"@type":"ImageObject","inLanguage":"pt-BR","@id":"https:\/\/tudosobremuaythai.com\/blog\/frases-de-muay-thai\/#primaryimage","url":"https:\/\/tudosobremuaythai.com\/blog\/wp-content\/uploads\/2019\/03\/frases-de-muay-thai.jpg","contentUrl":"https:\/\/tudosobremuaythai.com\/blog\/wp-content\/uploads\/2019\/03\/frases-de-muay-thai.jpg","width":960,"height":637,"caption":"Frases de Muay Thai"},{"@type":"BreadcrumbList","@id":"https:\/\/tudosobremuaythai.com\/blog\/frases-de-muay-thai\/#breadcrumb","itemListElement":[{"@type":"ListItem","position":1,"name":"In\u00edcio","item":"https:\/\/tudosobremuaythai.com\/blog\/"},{"@type":"ListItem","position":2,"name":"Frases de Muay Thai"}]},{"@type":"WebSite","@id":"https:\/\/tudosobremuaythai.com\/blog\/#website","url":"https:\/\/tudosobremuaythai.com\/blog\/","name":"Tudo Sobre Muay Thai - Seu blog de Muay Thai","description":"Dicas, t\u00e9cnicas, tradi\u00e7\u00f5es, curiosidades de muay thai e muito mais!","potentialAction":[{"@type":"SearchAction","target":{"@type":"EntryPoint","urlTemplate":"https:\/\/tudosobremuaythai.com\/blog\/?s={search_term_string}"},"query-input":{"@type":"PropertyValueSpecification","valueRequired":true,"valueName":"search_term_string"}}],"inLanguage":"pt-BR"}]}},"_links":{"self":[{"href":"https:\/\/tudosobremuaythai.com\/blog\/wp-json\/wp\/v2\/pages\/150","targetHints":{"allow":["GET"]}}],"collection":[{"href":"https:\/\/tudosobremuaythai.com\/blog\/wp-json\/wp\/v2\/pages"}],"about":[{"href":"https:\/\/tudosobremuaythai.com\/blog\/wp-json\/wp\/v2\/types\/page"}],"author":[{"embeddable":true,"href":"https:\/\/tudosobremuaythai.com\/blog\/wp-json\/wp\/v2\/users\/1"}],"replies":[{"embeddable":true,"href":"https:\/\/tudosobremuaythai.com\/blog\/wp-json\/wp\/v2\/comments?post=150"}],"version-history":[{"count":2,"href":"https:\/\/tudosobremuaythai.com\/blog\/wp-json\/wp\/v2\/pages\/150\/revisions"}],"predecessor-version":[{"id":278,"href":"https:\/\/tudosobremuaythai.com\/blog\/wp-json\/wp\/v2\/pages\/150\/revisions\/278"}],"wp:featuredmedia":[{"embeddable":true,"href":"https:\/\/tudosobremuaythai.com\/blog\/wp-json\/wp\/v2\/media\/165"}],"wp:attachment":[{"href":"https:\/\/tudosobremuaythai.com\/blog\/wp-json\/wp\/v2\/media?parent=150"}],"curies":[{"name":"wp","href":"https:\/\/api.w.org\/{rel}","templated":true}]}}